 of 36 and t?
18
Suppose 0 = 3*n - 2*b - 23, -7*n + 31 = -2*n + 4*b. Let l be ((-8)/12)/(n/((-273)/2)). Calculate the greatest common factor of l and 39.
13
Let r(w) = -w**3 + 14*w**2 - 40*w + 7. Let n be r(10). Calculate the greatest common factor of 329 and n.
7
Let m be (60/(-25))/(1*6/20). Let u be ((-84)/m)/(6/8). What is the highest common factor of u and 63?
7
Let d(h) = -2*h + 43. Let v be d(5). Calculate the highest common divisor of v and 165.
33
Suppose 5*b = -4*d + 95, -2*d + 45 = 5*b - 10. Let f = 8 - 5. Suppose h = f*o + 149, 0 = 3*h - 2*o + 5*o - 411. Calculate the greatest common factor of h and d.
20
Let z = -579 - -591. Calculate the greatest common factor of 66 and z.
6
Suppose 2*a = a + 8. Suppose -2*f = n - f - 59, -f - 181 = -3*n. Suppose -n = -19*u + 4*u. Calculate the greatest common divisor of a and u.
4
Let v = -3 - -4. Let h(g) be the first derivative of -4*g**3/3 - 10*g**2 + 2*g - 17. Let l be h(-5). Calculate the highest common factor of l and v.
1
Suppose 0 = -x + 2*w - 7, -3*x - 2*w - w + 6 = 0. Let m(d) = 78*d**2 + 2*d + 1. Let o be m(x). What is the greatest common factor of o and 7?
7
Suppose -11*i - 30*i = -1927. What is the greatest common factor of 329 and i?
47
Suppose -4*v - 6 = -2*n, -n + 3 = -3*v - 1. Suppose -5*p + 6*p = 165. Let g be (1/v)/((-5)/p). What is the greatest common divisor of g and 3?
3
Let h(a) = -a**3 + 56*a**2 - 300*a + 165. Let u be h(50). Let x(v) = -7*v + 1. Let k be x(-2). What is the greatest common factor of u and k?
15
Suppose 5*k - 2*a + 7*a + 100 = 0, 5*k = -2*a - 115. Let z = k - -27. Let r be (-3 - (-38)/z)*7. What is the highest common factor of 14 and r?
14
Suppose t + 1 - 9 = 0. Calculate the highest common factor of 32 and t.
8
Let v(f) = f**3 + f**2 + f + 2. Let q be v(-1). Let h be q/(2/(-4)) + (0 - -92). What is the highest common factor of h and 60?
30
Let h = -1681 - -1706. What is the highest common factor of h and 21?
1
Let y(i) = i**3 - 8*i**2 + 6*i + 11. Let a be y(7). Suppose -a*s + 404 - 84 = 0. What is the highest common divisor of s and 10?
10
Let t(l) = -103*l - 213. Let i be t(-9). What is the highest common divisor of i and 42?
42
Let f be (2 + 10)/((-1)/(-2)). Let d(t) = -t**3 - 5*t**2 - 2*t - 4. Let g be d(-5). Let o be (-1)/g - (-209)/66. What is the highest common divisor of f and o?
3
Suppose -t + 2*q - 76 = 0, 4*t = q - 135 - 169. Let b = -16 - t. Calculate the highest common factor of b and 15.
15
Let b = 116 - 76. Let d be (14/5)/(4/b). Calculate the highest common divisor of d and 7.
7
Let n = 8 + -6. Let t be (n/4)/((-3)/(-1200)). Suppose -3*h + 8*h = t. Calculate the highest common factor of h and 5.
5
Let b(j) = -j + 14 - 8*j + 0*j**3 + 9*j**2 + j**3. Let p = 825 + -835. Let c be b(p). Calculate the greatest common factor of c and 8.
4
Let g be (166/498)/(1/36). Suppose -a + 3*a = 4. Suppose a*f - x - 168 = 0, -3*x = 5*f - x - 420. What is the highest common factor of f and g?
12
Suppose -s + 2 = -2, 0 = -3*z - s + 253. What is the greatest common factor of z and 913?
83
Let n(h) = -2*h**3 + 4*h**2 - 3*h + 28. Let i be n(3). Calculate the greatest common divisor of 191 and i.
1
Let l be ((2 - 7) + 6)/(2/(-22)). Let i = l - -14. What is the highest common divisor of 21 and i?
3
Suppose -2*c - 2 = -2. Let f be 42 + -1 - c/(6/(-3)). Calculate the highest common divisor of 164 and f.
41
Let c(w) = -6*w + 17. Let m be c(-7). Let u = m + -43. Calculate the greatest common divisor of 112 and u.
16
Let o = 24 + -14. Suppose s - 6*s + o = 0. Let l be 10/(s/(-3) - -1). What is the greatest common divisor of l and 5?
5
Let b = 1172 + -1170. Calculate the highest common factor of b and 194.
2
Suppose 0 = -4*k + 19 + 5. Let y(h) = 2*h**3 - 5*h**2. Let i be y(k). Suppose i = -t + 5*t. What is the highest common divisor of t and 9?
9
Let b(w) = -19*w - 9. Let c be b(-6). Let l be 54 + -11 + 5 + (-24)/(4 - -4). Calculate the highest common divisor of l and c.
15
Let s = 137 - 101. Suppose 39*k - 555 = s*k. Calculate the highest common divisor of k and 74.
37
Let u = 1329 - 367. Calculate the highest common factor of u and 222.
74
Let k = -1 + 79. Let z = k - 34. Calculate the greatest common factor of z and 2.
2
Suppose -w - 3*j + 221 = -7*j, -w + j = -224. What is the greatest common factor of 36 and w?
9
Suppose 5*b = b. Suppose 0 = -4*u - 5*i + 17, 5*u - 2*i - 16 + 3 = b. Suppose 3*l = 6*l + u*n - 9, 2*l - 6 = -n. Calculate the highest common factor of 3 and l.
3
Let m be ((-1)/2 + 0)/(1/(-118)). Suppose 2*r + 146 = 3*x, -80 - m = -3*x - 5*r. What is the highest common divisor of 16 and x?
16
Let a(w) be the second derivative of 3/2*w**2 - 1/20*w**5 + 1/3*w**3 + 0 - 12*w + 1/2*w**4. Let c be a(6). Calculate the greatest common divisor of c and 15.
15
Suppose -3*v + 608 = 5*v. What is the highest common divisor of 8 and v?
4
Let k = -112 - -274. Calculate the greatest common divisor of k and 6.
6
Let r(z) = -2*z**2 + 2*z + 20 + z**2 + z**3 - 3*z + 2*z. Let k be r(0). Suppose 35*s - 40*s = -200. Calculate the greatest common divisor of s and k.
20
Let n = 854 + -833. Let q(g) = 15*g**2 - 2*g + 1. Let o be q(1). Calculate the greatest common factor of o and n.
7
Let d = -31 + 48. Suppose -95 = -5*q - 5*a, -3*a = -3*q + 23 + 22. What is the highest common factor of q and d?
17
Suppose 7*y = 11*y - 132. Suppose c = 5*i + 117, 4*i + 145 = 3*c - 239. Calculate the greatest common factor of c and y.
33
Let w = -7 - -46. Let n(k) = 101*k - 264. Let g be n(3). What is the highest common divisor of w and g?
39
Suppose 16*c + 19 = 1171. What is the highest common factor of 16 and c?
8
Let k be 36/(-1 - -7)*4. What is the highest common factor of 5 and k?
1
Let o be 13/((-156)/(-32))*(-15)/(-4). Let d(i) = -3 - 3 + 11*i + 2*i**2 + 4. Let r be d(o). Calculate the highest common factor of r and 28.
28
Let a(o) = 2*o**2 + 3*o + 19. Let l be a(0). Suppose 0 = -5*g + l + 11. Calculate the highest common divisor of 24 and g.
6
Let y be 12/((-3 - 8)/(-77)). Calculate the highest common divisor of y and 18.
6
Let l(g) = 15*g**2 + 31*g + 58. Let z be l(-2). What is the greatest common factor of 72 and z?
8
Let x(w) = 51*w**3 + 3*w**2 - 4*w + 16. Let j be x(3). What is the greatest common factor of j and 256?
128
Let a(v) = 13*v - 10. Let p be a(7). Suppose -6*c - 5 = -59. What is the greatest common divisor of c and p?
9
Let w be (-15 + 17)/((-2)/16). Let p be -1*3 + (-12 - w). What is the highest common divisor of 5 and p?
1
Let p be 3/(-2)*-21*2. Let a(g) = 74*g. Let d be a(2). Let q = d - p. Calculate the highest common factor of q and 17.
17
Let o be (-1 - -2)*(-306)/(-18). Let i(z) = z**3 - 16*z**2 - 7*z + 6. Let m be i(o). What is the greatest common factor of 11 and m?
11
Suppose -32*v - 47 = -5*r - 35*v, -48 = -5*r - 2*v. Suppose 5*l = d - 12 - 33, -3*l = d - 21. Calculate the greatest common divisor of d and r.
10
Suppose 0 = -20*u + 1049 + 931. What is the greatest common divisor of 231 and u?
33
Suppose -5*j - 15 = h, 5*j - j + 12 = -3*h. Let u = j + 4. Let k be 120/14 - (-111)/259. Calculate the greatest common divisor of k and u.
1
Let d = 2 - -321. Suppose 1 = 3*k - d. Let y(a) = 11*a - 171. Let h be y(18). What is the greatest common divisor of k and h?
27
Suppose 0*h + 3*h - 5*u - 160 = 0, 4*u = h - 58. Let r be (-6)/21 - ((-7008)/(-14))/(-2). What is the highest common divisor of r and h?
50
Let g(s) = 55*s + 68. Let p be g(12). What is the highest common factor of 455 and p?
91
Suppose 0 = 3*h - 158 + 110. Calculate the greatest common divisor of 520 and h.
8
Suppose -2*m + 11*n = 14*n - 35, -4*m + n + 105 = 0. Calculate the highest common divisor of m and 425.
25
Let p(v) = 106*v - 51*v - 17 - 52*v. Let g be p(9). What is the highest common divisor of g and 100?
10
Let u(i) = -i**3 + 18*i**2 - 20*i - 12. Let o be u(16). Let b be (8/(-10))/((-4)/o). Let p be 73/4 - 4/16. What is the greatest common factor of b and p?
18
Suppose 0 = 87*p - 94*p + 896. Calculate the highest common factor of 288 and p.
32
Let p be (-1 + 2)*-7*-3. Let a = 520 + -183. Suppose 3*z = -22 + a. Calculate the greatest common divisor of z and p.
21
Let s be 27/36 - 17/(-4). Suppose -45 = -s*a + 5*r, 4*a + 0*r - 2*r = 36. Calculate the highest common divisor of 99 and a.
9
Let i = 60 